{"id":92,"date":"2023-09-29T08:58:51","date_gmt":"2023-09-29T08:58:51","guid":{"rendered":"https:\/\/mmreinigung.ch\/?page_id=92"},"modified":"2023-09-29T09:14:59","modified_gmt":"2023-09-29T09:14:59","slug":"dienstleistungen","status":"publish","type":"page","link":"https:\/\/mmreinigung.ch\/index.php\/dienstleistungen\/","title":{"rendered":"Dienstleistungen"},"content":{"rendered":"<p>[et_pb_section fb_built=&#8220;1&#8243; admin_label=&#8220;Header&#8220; _builder_version=&#8220;4.16&#8243; _module_preset=&#8220;default&#8220; background_color=&#8220;#f1f3f7&#8243; background_image=&#8220;https:\/\/mmreinigung.ch\/wp-content\/uploads\/2023\/09\/window-cleaning_62.png&#8220; background_position=&#8220;bottom_center&#8220; global_colors_info=&#8220;{}&#8220;][et_pb_row column_structure=&#8220;1_2,1_2&#8243; _builder_version=&#8220;4.16&#8243; _module_preset=&#8220;default&#8220; global_colors_info=&#8220;{}&#8220;][et_pb_column type=&#8220;1_2&#8243; _builder_version=&#8220;4.16&#8243; _module_preset=&#8220;default&#8220; z_index=&#8220;15&#8243; custom_padding=&#8220;100px||||false|false&#8220; custom_padding_tablet=&#8220;0px||||false|false&#8220; custom_padding_phone=&#8220;&#8220; custom_padding_last_edited=&#8220;on|phone&#8220; global_colors_info=&#8220;{}&#8220;][et_pb_text _builder_version=&#8220;4.22.2&#8243; _module_preset=&#8220;default&#8220; header_font=&#8220;Candal||||||||&#8220; header_font_size=&#8220;76px&#8220; header_letter_spacing=&#8220;-0.05em&#8220; header_line_height=&#8220;1.2em&#8220; hover_enabled=&#8220;0&#8243; header_font_size_tablet=&#8220;50px&#8220; header_font_size_phone=&#8220;30px&#8220; header_font_size_last_edited=&#8220;on|phone&#8220; locked=&#8220;off&#8220; global_colors_info=&#8220;{}&#8220; sticky_enabled=&#8220;0&#8243;]<\/p>\n<h2><strong>Dientsleistungen<\/strong><\/h2>\n<p>[\/et_pb_text][et_pb_text _builder_version=&#8220;4.22.2&#8243; _module_preset=&#8220;default&#8220; text_font=&#8220;||||||||&#8220; text_text_color=&#8220;#666666&#8243; text_font_size=&#8220;18px&#8220; text_line_height=&#8220;2em&#8220; text_font_size_tablet=&#8220;16px&#8220; text_font_size_phone=&#8220;14px&#8220; text_font_size_last_edited=&#8220;on|phone&#8220; text_line_height_phone=&#8220;1.6em&#8220; text_line_height_last_edited=&#8220;off|desktop&#8220; locked=&#8220;off&#8220; global_colors_info=&#8220;{}&#8220;]<\/p>\n<h4 class=\"u-custom-font u-text u-text-2\">SAUBER, ZUVERL\u00c4SSIG, FLEXIBEL<\/h4>\n<p>[\/et_pb_text][\/et_pb_column][et_pb_column type=&#8220;1_2&#8243; _builder_version=&#8220;4.16&#8243; _module_preset=&#8220;default&#8220; global_colors_info=&#8220;{}&#8220;][et_pb_image src=&#8220;https:\/\/mmreinigung.ch\/wp-content\/uploads\/2023\/09\/window-cleaning_64.jpg&#8220; title_text=&#8220;window-cleaning_64&#8243; _builder_version=&#8220;4.22.2&#8243; _module_preset=&#8220;default&#8220; hover_enabled=&#8220;0&#8243; border_radii=&#8220;off|70%|70%|70%|70%&#8220; border_width_all=&#8220;0px&#8220; border_color_all=&#8220;#ffffff&#8220; box_shadow_style=&#8220;preset3&#8243; box_shadow_horizontal=&#8220;-30px&#8220; box_shadow_vertical=&#8220;22px&#8220; box_shadow_blur=&#8220;250px&#8220; box_shadow_spread=&#8220;0px&#8220; box_shadow_color=&#8220;#E5E8EF&#8220; global_colors_info=&#8220;{}&#8220; sticky_enabled=&#8220;0&#8243;][\/et_pb_image][et_pb_blurb title=&#8220;Privat&#8220; image=&#8220;https:\/\/mmreinigung.ch\/wp-content\/uploads\/2023\/09\/window-cleaningl-icon-1-white.png&#8220; _builder_version=&#8220;4.22.2&#8243; _module_preset=&#8220;8e07b016-9e95-4fe7-b28a-6bdf7c2e94aa&#8220; header_font=&#8220;Candal|||on|||||&#8220; header_font_size=&#8220;11px&#8220; header_letter_spacing=&#8220;1px&#8220; background_enable_color=&#8220;off&#8220; use_background_color_gradient=&#8220;on&#8220; background_color_gradient_direction=&#8220;90deg&#8220; background_color_gradient_stops=&#8220;#557DF3 0%|rgba(243,206,206,0) 100%&#8220; background_color_gradient_start=&#8220;#557DF3&#8243; background_color_gradient_end=&#8220;rgba(243,206,206,0)&#8220; positioning=&#8220;absolute&#8220; position_origin_a=&#8220;bottom_left&#8220; vertical_offset=&#8220;3%&#8220; horizontal_offset=&#8220;-11%&#8220; text_orientation=&#8220;center&#8220; background_layout=&#8220;dark&#8220; width=&#8220;200px&#8220; height=&#8220;200px&#8220; custom_padding=&#8220;56px|10px|56px|10px|true|true&#8220; custom_padding_tablet=&#8220;10%||10%||true|true&#8220; custom_padding_last_edited=&#8220;off|desktop&#8220; module_alignment_tablet=&#8220;center&#8220; module_alignment_phone=&#8220;center&#8220; module_alignment_last_edited=&#8220;off|desktop&#8220; custom_css_blurb_image=&#8220;margin-bottom: 20px;&#8220; border_radii=&#8220;on|100%|100%|100%|100%&#8220; box_shadow_style=&#8220;preset3&#8243; box_shadow_vertical=&#8220;30px&#8220; box_shadow_blur=&#8220;60px&#8220; box_shadow_color=&#8220;rgba(85,125,243,0.5)&#8220; locked=&#8220;off&#8220; global_colors_info=&#8220;{}&#8220;][\/et_pb_blurb][et_pb_blurb title=&#8220;B\u00fcro&#8220; image=&#8220;https:\/\/mmreinigung.ch\/wp-content\/uploads\/2023\/09\/window-cleaningl-icon-2-white.png&#8220; _builder_version=&#8220;4.22.2&#8243; _module_preset=&#8220;8e07b016-9e95-4fe7-b28a-6bdf7c2e94aa&#8220; header_font=&#8220;Candal|||on|||||&#8220; header_font_size=&#8220;11px&#8220; header_letter_spacing=&#8220;1px&#8220; background_enable_color=&#8220;off&#8220; use_background_color_gradient=&#8220;on&#8220; background_color_gradient_direction=&#8220;90deg&#8220; background_color_gradient_stops=&#8220;#FDCC8B 0%|#feedd9 100%&#8220; background_color_gradient_start=&#8220;#FDCC8B&#8220; background_color_gradient_end=&#8220;#feedd9&#8243; positioning=&#8220;absolute&#8220; position_origin_a=&#8220;bottom_center&#8220; vertical_offset=&#8220;-12%&#8220; text_orientation=&#8220;center&#8220; background_layout=&#8220;dark&#8220; width=&#8220;150px&#8220; height=&#8220;150px&#8220; custom_padding=&#8220;32px|10px|32px|10px|true|true&#8220; custom_css_blurb_image=&#8220;margin-bottom: 20px;&#8220; border_radii=&#8220;on|100%|100%|100%|100%&#8220; box_shadow_style=&#8220;preset3&#8243; box_shadow_vertical=&#8220;30px&#8220; box_shadow_blur=&#8220;60px&#8220; box_shadow_color=&#8220;rgba(253,204,139,0.5)&#8220; locked=&#8220;off&#8220; global_colors_info=&#8220;{}&#8220;][\/et_pb_blurb][et_pb_blurb title=&#8220;Fenster&#8220; image=&#8220;https:\/\/mmreinigung.ch\/wp-content\/uploads\/2023\/09\/window-cleaningl-icon-3-white-2.png&#8220; _builder_version=&#8220;4.22.2&#8243; _module_preset=&#8220;8e07b016-9e95-4fe7-b28a-6bdf7c2e94aa&#8220; header_font=&#8220;Candal|||on|||||&#8220; header_font_size=&#8220;11px&#8220; header_letter_spacing=&#8220;1px&#8220; background_enable_color=&#8220;off&#8220; use_background_color_gradient=&#8220;on&#8220; background_color_gradient_direction=&#8220;90deg&#8220; background_color_gradient_stops=&#8220;#FBEBE5 0%|#e9889b 100%&#8220; background_color_gradient_start=&#8220;#FBEBE5&#8243; background_color_gradient_end=&#8220;#e9889b&#8220; positioning=&#8220;absolute&#8220; position_origin_a=&#8220;bottom_right&#8220; vertical_offset=&#8220;15%&#8220; text_orientation=&#8220;center&#8220; background_layout=&#8220;dark&#8220; width=&#8220;120px&#8220; height=&#8220;120px&#8220; custom_padding=&#8220;16px|10px|16px|10px|true|true&#8220; scroll_vertical_motion=&#8220;0|50|50|100|-2|0|-4&#8243; custom_css_blurb_image=&#8220;margin-bottom: 20px;&#8220; border_radii=&#8220;on|100%|100%|100%|100%&#8220; box_shadow_style=&#8220;preset3&#8243; box_shadow_vertical=&#8220;30px&#8220; box_shadow_blur=&#8220;60px&#8220; box_shadow_color=&#8220;rgba(233,136,155,0.5)&#8220; locked=&#8220;off&#8220; global_colors_info=&#8220;{}&#8220;][\/et_pb_blurb][\/et_pb_column][\/et_pb_row][\/et_pb_section][et_pb_section fb_built=&#8220;1&#8243; admin_label=&#8220;Services&#8220; _builder_version=&#8220;4.16&#8243; _module_preset=&#8220;default&#8220; background_color=&#8220;#F1F3F7&#8243; background_image=&#8220;https:\/\/mmreinigung.ch\/wp-content\/uploads\/2023\/09\/window-cleaning_44.png&#8220; background_size=&#8220;contain&#8220; background_position=&#8220;center_left&#8220; global_colors_info=&#8220;{}&#8220;][et_pb_row _builder_version=&#8220;4.16&#8243; _module_preset=&#8220;default&#8220; global_colors_info=&#8220;{}&#8220;][et_pb_column type=&#8220;4_4&#8243; _builder_version=&#8220;4.16&#8243; _module_preset=&#8220;default&#8220; global_colors_info=&#8220;{}&#8220;][et_pb_text _builder_version=&#8220;4.22.2&#8243; _module_preset=&#8220;default&#8220; header_font=&#8220;Candal||||||||&#8220; header_font_size=&#8220;80px&#8220; header_letter_spacing=&#8220;-2.67px&#8220; header_line_height=&#8220;1.2em&#8220; header_2_font=&#8220;Candal||||||||&#8220; header_2_font_size=&#8220;60px&#8220; header_2_line_height=&#8220;1.2em&#8220; text_orientation=&#8220;center&#8220; header_font_size_tablet=&#8220;50px&#8220; header_font_size_phone=&#8220;30px&#8220; header_font_size_last_edited=&#8220;on|phone&#8220; header_2_font_size_tablet=&#8220;40px&#8220; header_2_font_size_phone=&#8220;24px&#8220; header_2_font_size_last_edited=&#8220;on|phone&#8220; locked=&#8220;off&#8220; global_colors_info=&#8220;{}&#8220;]<\/p>\n<h2>Unsere Dienstleistungen<\/h2>\n<p>[\/et_pb_text][et_pb_text _builder_version=&#8220;4.22.2&#8243; _module_preset=&#8220;default&#8220; text_font=&#8220;||||||||&#8220; text_text_color=&#8220;#666666&#8243; text_font_size=&#8220;16px&#8220; text_line_height=&#8220;2em&#8220; text_orientation=&#8220;center&#8220; max_width=&#8220;700px&#8220; module_alignment=&#8220;center&#8220; text_font_size_tablet=&#8220;14px&#8220; text_font_size_phone=&#8220;14px&#8220; text_font_size_last_edited=&#8220;on|phone&#8220; text_line_height_phone=&#8220;1.6em&#8220; text_line_height_last_edited=&#8220;off|desktop&#8220; locked=&#8220;off&#8220; global_colors_info=&#8220;{}&#8220;]<\/p>\n<p style=\"text-align: left;\"><strong>B\u00fcro<\/strong><br \/>Ganz nach den W\u00fcnschen unserer Kunden werden B\u00fcros, von unseren Reinigungskr\u00e4ften sauber gehalten und gepflegt. Dadurch entsteht nicht nur eine angenehme Atmosph\u00e4re f\u00fcr Ihre Besch\u00e4ftigten, auch der Wert Ihrer B\u00fcror\u00e4umlichkeiten bleibt erhalten.<\/p>\n<p style=\"text-align: left;\"><strong>Privat<\/strong><br \/>Fehlt Ihnen die Zeit, sich um Ihre Reinigung im Haushalt zu k\u00fcmmern? Wir \u00fcbernehmen fast alle Arbeiten im Haushalt f\u00fcr Sie, von der regelm\u00e4ssigen Grundreinigung, Pflanzengiessen usw. bis zu Umzugs-reinigungen mit \u00dcbergabe-Garantie. Damit Sie sich stets auf ein einladendes Zuhause freuen und sich sp\u00fcrbar entlasten k\u00f6nnen.<\/p>\n<p style=\"text-align: left;\"><strong>Umzugsreinigung<\/strong><br \/>Wir reinigen Ihr altes Zuhause, ob Wohnung oder Haus, gr\u00fcndlich und speditiv. Bei der \u00dcbergabe sind wir selbstverst\u00e4ndlich anwesend und sorgen f\u00fcr einen reibungslosen Ablauf. Mit Abgabegarantie.<\/p>\n<p style=\"text-align: left;\"><strong>Unterhaltsreinigung<\/strong><br \/>Ob B\u00fcrobetriebe, Verwaltungs- oder Privatgeb\u00e4ude \u2013 wir reinigen professionell und kompetent zu Ihrer vollsten Zufriedenheit. Mit uns als Partner setzen Sie auf eine langj\u00e4hrige Erfahrung im Bereich der Unterhaltsreinigung. Unser gr\u00f6sstes Bestreben ist stets die Zufriedenheit unserer Kunden.<\/p>\n<p style=\"text-align: left;\"><strong>Fensterreinigung<\/strong><br \/>Scheint draussen die Sonne, aber drinnen noch d\u00fcster? Dann w\u00e4re es vielleicht wieder an der Zeit f\u00fcr eine gr\u00fcndliche Fensterreinigung. Wir machen Ihre Fenster wieder so klar und sauber, wie wenn sie gar nicht vorhanden w\u00e4ren. Glasklar, und ohne Striemen. So k\u00f6nnen Sie sich auf echte Glanzresultate freuen, vom einzelnen Fenster bis zu grossen Glasfronten.<\/p>\n<p style=\"text-align: left;\"><strong>Fassaden<\/strong><br \/>Fassaden sind die Visitenkarte eines Geb\u00e4udes.Eine professionelle Fassadenreinigung macht sich darum gleich doppelt bezahlt. Unsere Spezialisten reinigen Fassaden mit viel Erfahrung und Sachverstand &#8211; egal ob Stein, Beton, Metall oder Glas. Damit Ihr Geb\u00e4ude wieder im besten Licht erscheint und seinen Wert auf Dauer erh\u00e4lt.<\/p>\n<p style=\"text-align: left;\"><strong>Baureinigung<\/strong><br \/>Bauzeitenpl\u00e4ne werden immer enger, Bauabl\u00e4ufe immer k\u00fcrzer. Als flexibler Dienstleister sind wir in der Lage schnell f\u00fcr Ordnung auf der Baustelle zu sorgen. Bei der Reinigung von Neubauten, nach Umbauarbeiten oder nach Renovierung, stehen wir Ihnen zur Seite. Bei der Baugrobreinigung wird prim\u00e4r der Bauschutt und anfallender Bauschmutz entfernt. Die Baugrobreinigung wird im Gegensatz zur Baufeinreinigung w\u00e4hrend der Bauzeit durchgef\u00fchrt.<\/p>\n<p style=\"text-align: left;\">Die Baufeinreinigung oder auch Bauschlussreinigung wird nach der Fertigstellung von Neubau-, Umbau- oder nach Renovierungsarbeiten durchgef\u00fchrt. Es werden insbesondere Handwerkerschmutz wie beispielsweise Farb- und Lack-, M\u00f6rtel- und Zementspritzer sowie Reste von Fugendichtungsmassen und nat\u00fcrlich Baustaub beseitigt.<\/p>\n<p style=\"text-align: left;\">Ziel der Baureinigung ist eine bezugsfertige \u00dcbergabe an den Nutzer.<\/p>\n<p>[\/et_pb_text][\/et_pb_column][\/et_pb_row][et_pb_row column_structure=&#8220;1_3,1_3,1_3&#8243; _builder_version=&#8220;4.16&#8243; _module_preset=&#8220;default&#8220; global_colors_info=&#8220;{}&#8220;][et_pb_column type=&#8220;1_3&#8243; _builder_version=&#8220;4.16&#8243; _module_preset=&#8220;default&#8220; use_background_color_gradient=&#8220;on&#8220; background_color_gradient_direction=&#8220;90deg&#8220; background_color_gradient_stops=&#8220;#ffffff 0%|rgba(255,255,255,0) 100%&#8220; background_color_gradient_start=&#8220;#ffffff&#8220; background_color_gradient_end=&#8220;rgba(255,255,255,0)&#8220; custom_padding=&#8220;|20px|200px|20px|false|true&#8220; custom_padding_tablet=&#8220;|20px|60px|20px|false|true&#8220; custom_padding_phone=&#8220;&#8220; custom_padding_last_edited=&#8220;on|phone&#8220; border_radii=&#8220;on|200px|200px|200px|200px&#8220; global_colors_info=&#8220;{}&#8220; background__hover_enabled=&#8220;off|desktop&#8220; background_color_gradient_start__hover=&#8220;#DAE1FA&#8220; background_color_gradient_end__hover=&#8220;#f4eef4&#8243; background_color_gradient_stops__hover=&#8220;#DAE1FA 0%|#f4eef4 100%&#8220;][et_pb_image src=&#8220;https:\/\/mmreinigung.ch\/wp-content\/uploads\/2023\/09\/window-cleaning_65.jpg&#8220; title_text=&#8220;window-cleaning_65&#8243; _builder_version=&#8220;4.16&#8243; _module_preset=&#8220;default&#8220; custom_margin=&#8220;|-20px||-20px|false|true&#8220; border_radii=&#8220;on|200px|200px|200px|200px&#8220; border_color_all=&#8220;#ffffff&#8220; box_shadow_style=&#8220;preset3&#8243; box_shadow_horizontal=&#8220;-30px&#8220; box_shadow_vertical=&#8220;22px&#8220; box_shadow_blur=&#8220;250px&#8220; box_shadow_spread=&#8220;0px&#8220; box_shadow_color=&#8220;#E5E8EF&#8220; locked=&#8220;off&#8220; global_colors_info=&#8220;{}&#8220; border_width_all__hover_enabled=&#8220;on|desktop&#8220; border_width_all__hover=&#8220;20px&#8220;][\/et_pb_image][\/et_pb_column][et_pb_column type=&#8220;1_3&#8243; _builder_version=&#8220;4.16&#8243; _module_preset=&#8220;default&#8220; use_background_color_gradient=&#8220;on&#8220; background_color_gradient_direction=&#8220;90deg&#8220; background_color_gradient_stops=&#8220;#ffffff 0%|rgba(255,255,255,0) 100%&#8220; background_color_gradient_start=&#8220;#ffffff&#8220; background_color_gradient_end=&#8220;rgba(255,255,255,0)&#8220; custom_padding=&#8220;|20px|200px|20px|false|true&#8220; custom_padding_tablet=&#8220;|20px|60px|20px|false|true&#8220; custom_padding_phone=&#8220;&#8220; custom_padding_last_edited=&#8220;on|phone&#8220; border_radii=&#8220;on|200px|200px|200px|200px&#8220; global_colors_info=&#8220;{}&#8220; background__hover_enabled=&#8220;off|desktop&#8220; background_color_gradient_start__hover=&#8220;#DAE1FA&#8220; background_color_gradient_end__hover=&#8220;#f4eef4&#8243; background_color_gradient_stops__hover=&#8220;#DAE1FA 0%|#f4eef4 100%&#8220;][et_pb_image src=&#8220;https:\/\/mmreinigung.ch\/wp-content\/uploads\/2023\/09\/window-cleaning_66.jpg&#8220; title_text=&#8220;window-cleaning_66&#8243; _builder_version=&#8220;4.16&#8243; _module_preset=&#8220;default&#8220; custom_margin=&#8220;|-20px||-20px|false|true&#8220; border_radii=&#8220;on|200px|200px|200px|200px&#8220; border_color_all=&#8220;#ffffff&#8220; box_shadow_style=&#8220;preset3&#8243; box_shadow_horizontal=&#8220;-30px&#8220; box_shadow_vertical=&#8220;22px&#8220; box_shadow_blur=&#8220;250px&#8220; box_shadow_spread=&#8220;0px&#8220; box_shadow_color=&#8220;#E5E8EF&#8220; locked=&#8220;off&#8220; global_colors_info=&#8220;{}&#8220; border_width_all__hover_enabled=&#8220;on|desktop&#8220; border_width_all__hover=&#8220;20px&#8220;][\/et_pb_image][\/et_pb_column][et_pb_column type=&#8220;1_3&#8243; _builder_version=&#8220;4.16&#8243; _module_preset=&#8220;default&#8220; use_background_color_gradient=&#8220;on&#8220; background_color_gradient_direction=&#8220;90deg&#8220; background_color_gradient_stops=&#8220;#ffffff 0%|rgba(255,255,255,0) 100%&#8220; background_color_gradient_start=&#8220;#ffffff&#8220; background_color_gradient_end=&#8220;rgba(255,255,255,0)&#8220; custom_padding=&#8220;|20px|200px|20px|false|true&#8220; custom_padding_tablet=&#8220;|20px|60px|20px|false|true&#8220; custom_padding_phone=&#8220;&#8220; custom_padding_last_edited=&#8220;on|phone&#8220; border_radii=&#8220;on|200px|200px|200px|200px&#8220; global_colors_info=&#8220;{}&#8220; background__hover_enabled=&#8220;off|desktop&#8220; background_color_gradient_start__hover=&#8220;#DAE1FA&#8220; background_color_gradient_end__hover=&#8220;#f4eef4&#8243; background_color_gradient_stops__hover=&#8220;#DAE1FA 0%|#f4eef4 100%&#8220;][et_pb_image src=&#8220;https:\/\/mmreinigung.ch\/wp-content\/uploads\/2023\/09\/window-cleaning_67.jpg&#8220; title_text=&#8220;window-cleaning_67&#8243; _builder_version=&#8220;4.16&#8243; _module_preset=&#8220;default&#8220; custom_margin=&#8220;|-20px||-20px|false|true&#8220; border_radii=&#8220;on|200px|200px|200px|200px&#8220; border_color_all=&#8220;#ffffff&#8220; box_shadow_style=&#8220;preset3&#8243; box_shadow_horizontal=&#8220;-30px&#8220; box_shadow_vertical=&#8220;22px&#8220; box_shadow_blur=&#8220;250px&#8220; box_shadow_spread=&#8220;0px&#8220; box_shadow_color=&#8220;#E5E8EF&#8220; locked=&#8220;off&#8220; global_colors_info=&#8220;{}&#8220; border_width_all__hover_enabled=&#8220;on|desktop&#8220; border_width_all__hover=&#8220;20px&#8220;][\/et_pb_image][\/et_pb_column][\/et_pb_row][\/et_pb_section]<\/p>\n","protected":false},"excerpt":{"rendered":"<p>DientsleistungenSAUBER, ZUVERL\u00c4SSIG, FLEXIBELUnsere DienstleistungenB\u00fcroGanz nach den W\u00fcnschen unserer Kunden werden B\u00fcros, von unseren Reinigungskr\u00e4ften sauber gehalten und gepflegt. Dadurch entsteht nicht nur eine angenehme Atmosph\u00e4re f\u00fcr Ihre Besch\u00e4ftigten, auch der Wert Ihrer B\u00fcror\u00e4umlichkeiten bleibt erhalten. PrivatFehlt Ihnen die Zeit, sich um Ihre Reinigung im Haushalt zu k\u00fcmmern? Wir \u00fcbernehmen fast alle Arbeiten im Haushalt f\u00fcr [&hellip;]<\/p>\n","protected":false},"author":1,"featured_media":0,"parent":0,"menu_order":0,"comment_status":"closed","ping_status":"closed","template":"","meta":{"_et_pb_use_builder":"on","_et_pb_old_content":"","_et_gb_content_width":"","footnotes":""},"class_list":["post-92","page","type-page","status-publish","hentry"],"_links":{"self":[{"href":"https:\/\/mmreinigung.ch\/index.php\/wp-json\/wp\/v2\/pages\/92","targetHints":{"allow":["GET"]}}],"collection":[{"href":"https:\/\/mmreinigung.ch\/index.php\/wp-json\/wp\/v2\/pages"}],"about":[{"href":"https:\/\/mmreinigung.ch\/index.php\/wp-json\/wp\/v2\/types\/page"}],"author":[{"embeddable":true,"href":"https:\/\/mmreinigung.ch\/index.php\/wp-json\/wp\/v2\/users\/1"}],"replies":[{"embeddable":true,"href":"https:\/\/mmreinigung.ch\/index.php\/wp-json\/wp\/v2\/comments?post=92"}],"version-history":[{"count":0,"href":"https:\/\/mmreinigung.ch\/index.php\/wp-json\/wp\/v2\/pages\/92\/revisions"}],"wp:attachment":[{"href":"https:\/\/mmreinigung.ch\/index.php\/wp-json\/wp\/v2\/media?parent=92"}],"curies":[{"name":"wp","href":"https:\/\/api.w.org\/{rel}","templated":true}]}}